a multiple of 20?
True
Is 9190 a factor of 536843040?
True
Is 242346785 a multiple of 2391?
False
Does 7 divide 13870514?
True
Is 26372948 a multiple of 148?
False
Is 20 a factor of 139565660?
True
Is 23694774 a multiple of 139?
True
Does 3 divide 5428274?
False
Is 257 a factor of 470824?
True
Is 8069055 a multiple of 56?
False
Does 91 divide 99932378?
True
Is 5 a factor of 265493825?
True
Does 78 divide 15395498?
False
Is 54 a factor of 275101542?
True
Is 45870054 a multiple of 174?
True
Does 136 divide 896476881?
False
Is 611 a factor of 869950965?
True
Is 13 a factor of 14677832?
True
Does 1212 divide 768608742?
False
Is 348 a factor of 27528888?
True
Is 163 a factor of 320934748?
False
Does 8 divide 2354837678?
False
Is 10694970 a multiple of 22?
True
Is 320 a factor of 478550350?
False
Is 78 a factor of 607235315?
False
Is 215235147 a multiple of 42?
False
Does 2263 divide 16886205?
False
Is 37881493 a multiple of 1757?
False
Is 332702039 a multiple of 459?
False
Is 204 a factor of 12674928?
True
Does 29 divide 25799858?
False
Is 561799200 a multiple of 150?
True
Is 71957920 a multiple of 80?
True
Is 38757711 a multiple of 1006?
False
Is 21 a factor of 175470?
False
Is 101 a factor of 114088994?
True
Does 16 divide 33238798?
False
Does 247 divide 57269420?
True
Is 60 a factor of 1604468580?
True
Does 161 divide 148227447?
False
Does 397 divide 56813509?
False
Does 140 divide 48153420?
True
Does 12 divide 9958851155?
False
Is 2315151 a multiple of 872?
False
Is 55655687 a multiple of 531?
False
Does 49 divide 5923904?
True
Is 1738 a factor of 1078511010?
False
Is 49508157 a multiple of 164?
False
Does 28 divide 105933344?
False
Is 121 a factor of 3070465?
False
Does 6 divide 45603569?
False
Does 1527 divide 90139358?
False
Is 16778440 a multiple of 62?
True
Does 67 divide 3454301509?
False
Is 5021 a factor of 38084285?
True
Is 61 a factor of 210421574?
True
Is 22 a factor of 282972998?
True
Is 61 a factor of 14250271?
True
Does 73 divide 22415818?
True
Does 765 divide 25113420?
True
Is 243682616 a multiple of 442?
False
Does 664 divide 1834278088?
True
Is 291862402 a multiple of 107?
True
Is 45986544 a multiple of 144?
True
Is 174 a factor of 3892198?
False
Does 48 divide 17773152?
True
Does 13 divide 2003745085?
False
Is 182916672 a multiple of 85?
False
Is 3582 a factor of 10178123?
False
Does 129 divide 14589642?
True
Is 33036984 a multiple of 68?
True
Is 5 a factor of 221459236?
False
Is 9 a factor of 66953661?
False
Is 1775 a factor of 94873750?
True
Is 5505055 a multiple of 2?
False
Does 255 divide 2058105?
True
Is 52073337 a multiple of 409?
False
Is 82 a factor of 7628132?
True
Is 260618796 a multiple of 54?
True
Is 999 a factor of 119116849?
False
Is 31 a factor of 33337958?
True
Does 1075 divide 2098748300?
True
Does 156 divide 218837556?
False
Is 7 a factor of 1580687?
False
Is 223162254 a multiple of 7?
True
Is 320 a factor of 90254843?
False
Does 10 divide 176224819?
False
Is 3 a factor of 47013592?
False
Is 12817404 a multiple of 6?
True
Is 23552547 a multiple of 68?
False
Is 480 a factor of 25107181?
False
Is 26 a factor of 665758880?
False
Is 3357 a factor of 285778053?
True
Is 45859686 a multiple of 47?
True
Is 40332603 a multiple of 1202?
False
Is 7128192 a multiple of 19?
True
Does 142 divide 38475042?
True
Is 1701 a factor of 81488106?
True
Does 20 divide 107552586?
False
Is 22563486 a multiple of 18?
True
Does 205 divide 288566585?
False
Is 43734984 a multiple of 4996?
True
Does 889 divide 18526247?
False
Is 104 a factor of 87449383?
False
Is 2278 a factor of 615643168?
True
Is 191752218 a multiple of 798?
True
Is 47962820 a multiple of 20?
True
Is 155174555 a multiple of 593?
False
Is 38 a factor of 217509314?
False
Is 56293563 a multiple of 975?
False
Is 56 a factor of 99103328?
False
Does 2058 divide 56084616?
True
Is 70992432 a multiple of 432?
False
Is 517 a factor of 306202673?
False
Is 35866413 a multiple of 101?
True
Is 59408750 a multiple of 250?
True
Is 3678390 a multiple of 3?
True
Does 1372 divide 25019792?
True
Does 72 divide 314333568?
True
Does 203 divide 14820624?
True
Is 9089665 a multiple of 93?
False
Does 120 divide 195678897?
False
Is 23 a factor of 104983454?
True
Is 375 a factor of 113121806?
False
Is 3524180 a multiple of 16?
False
Is 4237772 a multiple of 4?
True
Does 51 divide 1801014?
True
Is 1452365 a multiple of 404?
False
Is 5645753275 a multiple of 1549?
False
Is 30330027 a multiple of 24?
False
Is 16 a factor of 115191649?
False
Does 86 divide 4908589?
False
Is 263 a factor of 348962653?
False
Is 15 a factor of 36428520?
True
Is 743 a factor of 84304495?
True
Does 2080 divide 13258084?
False
Is 13 a factor of 11351977?
True
Is 4576096 a multiple of 21?
False
Does 40 divide 96625360?
True
Does 110 divide 171964044?
False
Does 5 divide 61490?
True
Does 36 divide 21934404?
True
Does 3102 divide 53095976?
False
Does 194 divide 243329350?
True
Does 95 divide 127809485?
True
Does 12 divide 1926070?
False
Is 1545034131 a multiple of 2001?
True
Is 40407792 a multiple of 16?
True
Is 11565085 a multiple of 22?
False
Is 427507320 a multiple of 30?
True
Is 130109980 a multiple of 10?
True
Does 15 divide 1241402882?
False
Does 17 divide 1315830799?
False
Does 933 divide 91215492?
False
Does 2439 divide 40189344?
False
Does 1470 divide 69278160?
True
Is 313419397 a multiple of 13?
False
Does 278 divide 34636352?
False
Is 30426234 a multiple of 4?
False
Does 9 divide 18004120?
False
Is 166726977 a multiple of 7?
False
Is 81234620 a multiple of 1178?
False
Is 1592050330 a multiple of 13?
True
Does 287 divide 13268024?
False
Does 137 divide 70469400?
False
Is 635218674 a multiple of 17?
False
Does 24 divide 14996711?
False
Is 24 a factor of 105264312?
True
Is 3445 a factor of 846188460?
True
Is 836867893 a multiple of 15?
False
Is 70285747 a multiple of 7?
True
Is 20 a factor of 7238696?
False
Does 28 divide 1157679812?
False
Is 61223820 a multiple of 140?
True
Is 23256868 a multiple of 1505?
False
Does 38 divide 64799959?
False
Is 36 a factor of 4285672?
False
Is 47770330 a multiple of 235?
True
Is 61148358 a multiple of 15?
False
Does 313 divide 9368716?
True
Is 4858896 a multiple of 21?
True
Is 268 a factor of 11307456?
True
Does 686 divide 130761481?
False
Is 147635636 a multiple of 157?
False
Does 49 divide 656977986?
True
Is 4234158918 a multiple of 18?
True
Is 25 a factor of 28688434?
False
Is 935215687 a multiple of 7?
True
Is 218 a factor of 4450969264?
False
Does 2578 divide 2382407029?
False
Does 403 divide 195050324?
False
Is 156356044 a multiple of 62?
False
Is 30469870 a multiple of 5?
True
Is 150 a factor of 23589401?
False
Does 19 divide 20015141?
False
Is 449 a factor of 9231961?
False
Is 1801712 a multiple of 1276?
True
Is 5574629 a multiple of 8?
False
Is 205072279 a multiple of 16?
False
Does 3674 divide 157509410?
False
Is 5 a factor of 6864355?
True
Is 506 a factor of 1091948?
True
Is 235894439 a multiple of 2749?
True
Is 1243 a factor of 18495433?
False
Is 646300393 a multiple of 490?
False
Is 3 a factor of 10982470?
False
Is 2229 a factor of 111614946?
True
Is 2003312546 a multiple of 20?
False
Is 36262529 a multiple of 31?
True
Is 237 a factor of 714524769?
False
Does 23 divide 18205995?
True
Is 23162568 a multiple of 221?
True
Is 6 a factor of 46556410?
False
Is 551 a factor of 338669655?
False
Is 10 a factor of 1356530?
True
Does 222 divide 1470217681?
False
Does 13 divide 175480331?
True
Is 29 a factor of 34303752?
True
Is 1641 a factor of 129179520?
True
Is 112965532 a multiple of 203?
False
Is 858 a factor of 4921587?
False
Does 125 divide 25775835?
False
Is 2757 a factor of 316583553?
True
Does 621 divide 7822737?
True
Is 19 a factor of 3388705?
False
Is 254331200 a multiple of 5?
True
Is 1706 a factor of 35289949?
False
Is 33721992 a multiple of 159?
True
Is 77 a factor of 21441497?
True
Does 505 divide 1141452005?
True
Is 375 a factor of 48028825?
False
Is 28821635 a multiple of 335?
False
Does 14 divide 832286?
True
Is 138003341 a multiple of 1763?
False
Is 881662 a multiple of 215?
False
Does 29 divide 922393662?
True
Is 365 a factor of 94945298?
False
Does 31 divide 68183136?
True
Is 4718 a factor of 74809269?
False
Does 6 divide 530258474?
False
Is 470 a factor of